{"id":1024,"date":"2015-12-14T07:14:55","date_gmt":"2015-12-14T07:14:55","guid":{"rendered":"http:\/\/consulting.stylemixthemes.com\/demo\/?page_id=2"},"modified":"2024-01-10T14:33:45","modified_gmt":"2024-01-10T10:33:45","slug":"sample-page-2","status":"publish","type":"page","link":"https:\/\/beylimedia.com\/","title":{"rendered":"Beylimedia"},"content":{"rendered":"<div class=\"wpb-content-wrapper\"><p>[vc_row css=&#8221;.vc_custom_1450677977665{margin-bottom: 0px !important;}&#8221;][vc_column][rev_slider_vc alias=&#8221;fullscreen-main-slider&#8221;][\/vc_column][\/vc_row][vc_row full_width=&#8221;stretch_row&#8221; el_class=&#8221;third_bg_color&#8221; css=&#8221;.vc_custom_1704795354546{margin-bottom: 60px !important;}&#8221;][vc_column][vc_cta h2=&#8221;Siz\u0259 R\u0259q\u0259msal Marketinq xidm\u0259ti t\u0259klif edirik.&#8221; txt_align=&#8221;center&#8221; shape=&#8221;square&#8221; style=&#8221;3d&#8221; color=&#8221;sky&#8221; add_icon=&#8221;right&#8221; i_icon_fontawesome=&#8221;stm-phone_13&#8243; i_color=&#8221;peacoc&#8221; i_background_style=&#8221;rounded-less-outline&#8221; i_background_color=&#8221;black&#8221; i_on_border=&#8221;true&#8221; el_class=&#8221;third_bg_color&#8221; i_link=&#8221;url:https%3A%2F%2Fbeylimedia.com%2Findex.php%2Felaqe%2F|title:%C6%8Flaq%C9%99&#8243;][\/vc_cta][\/vc_column][\/vc_row][vc_row css=&#8221;.vc_custom_1450856873482{margin-bottom: 37px !important;}&#8221;][vc_column width=&#8221;1\/3&#8243;][stm_animation_block animation=&#8221;fadeInUp&#8221; animation_duration=&#8221;1&#8243; animation_delay=&#8221;0&#8243;][stm_info_box style=&#8221;style_3&#8243; title_icon=&#8221;stm-chart-monitor&#8221; title=&#8221;Biz kimik&#8221; image=&#8221;7277&#8243; link=&#8221;url:%23|title:%C6%8Ftrafl%C4%B1&#8243;]Yay\u0131m, PR v\u0259 Media \u0130stehsalat Agentliyi olan Beylimedia \u015firk\u0259ti 2015-ci ild\u0259 Moskvada f\u0259aliyy\u0259t\u0259 ba\u015flay\u0131b.[\/stm_info_box][\/stm_animation_block][\/vc_column][vc_column width=&#8221;1\/3&#8243;][stm_animation_block animation=&#8221;fadeInUp&#8221; animation_duration=&#8221;1&#8243; animation_delay=&#8221;0.05&#8243;][stm_info_box style=&#8221;style_3&#8243; title_icon=&#8221;stm-chart-refresh&#8221; title=&#8221;D\u0259y\u0259rl\u0259rimiz&#8221; image=&#8221;7279&#8243; link=&#8221;url:%23|title:%C6%8Ftrafl%C4%B1&#8243;]Etibarl\u0131l\u0131q, profissonall\u0131q v\u0259 t\u0259r\u0259fda\u015fl\u0131q etdiyimiz b\u00fct\u00fcn qrumlara f\u0259rdi yana\u015fma xidm\u0259t verm\u0259k.[\/stm_info_box][\/stm_animation_block][\/vc_column][vc_column width=&#8221;1\/3&#8243;][stm_animation_block animation=&#8221;fadeInUp&#8221; animation_duration=&#8221;1&#8243; animation_delay=&#8221;0.1&#8243;][stm_info_box style=&#8221;style_3&#8243; title_icon=&#8221;stm-earth&#8221; title=&#8221;Strateji h\u0259d\u0259fl\u0259rimiz&#8221; image=&#8221;7280&#8243; link=&#8221;url:%23|title:%C6%8Ftrafl%C4%B1&#8243;]U\u011furlu PR h\u0259ll\u0259r v\u0259 d\u00fcnya praktikas\u0131ndak\u0131 trendl\u0259ri \u00f6z\u00fcnd\u0259 c\u0259ml\u0259y\u0259r\u0259k, \u015firk\u0259t v\u0259 ya qrumlar\u0131n bir n\u00f6mr\u0259li media t\u0259r\u0259fda\u015f\u0131na \u00e7evrilm\u0259k[\/stm_info_box][\/stm_animation_block][\/vc_column][\/vc_row][vc_row full_width=&#8221;stretch_row&#8221; css=&#8221;.vc_custom_1451476985704{padding-top: 53px !important;padding-bottom: 70px !important;background-color: #f2f2f2 !important;}&#8221;][vc_column][vc_custom_heading text=&#8221;Xidm\u0259tl\u0259rimiz&#8221; font_container=&#8221;tag:h2|font_size:45px|text_align:center|line_height:60px&#8221; use_theme_fonts=&#8221;yes&#8221; el_class=&#8221;base_font_color&#8221; css=&#8221;.vc_custom_1704536346543{margin-bottom: 28px !important;}&#8221;][vc_row_inner css=&#8221;.vc_custom_1455871593995{margin-bottom: 30px !important;}&#8221;][vc_column_inner width=&#8221;1\/3&#8243;][stm_icon_box hide_title_line=&#8221;hide_title_line&#8221; enable_hexagon=&#8221;enable&#8221; enable_hexagon_animation=&#8221;enable&#8221; add_link=&#8221;enable&#8221; icon=&#8221;fas fa-photo-video&#8221; style=&#8221;icon_left&#8221; icon_size=&#8221;15&#8243; icon_width=&#8221;78&#8243; title=&#8221;Media Yay\u0131m&#8221; link=&#8221;url:https%3A%2F%2Fbeylimedia.com%2Findex.php%2Fservice%2Fmedia-yayim%2F|title:Media%20Yay%C4%B1m&#8221;]Media Yay\u0131m \u2013 Bu xidm\u0259timizl\u0259 brendinizin yerli v\u0259 beyn\u0259lxalq 100-d\u0259n \u00e7ox kanalda[\/stm_icon_box][\/vc_column_inner][vc_column_inner width=&#8221;1\/3&#8243;][stm_icon_box hide_title_line=&#8221;hide_title_line&#8221; enable_hexagon=&#8221;enable&#8221; enable_hexagon_animation=&#8221;enable&#8221; add_link=&#8221;enable&#8221; icon=&#8221;fas fa-video&#8221; style=&#8221;icon_left&#8221; icon_size=&#8221;22&#8243; icon_width=&#8221;78&#8243; title=&#8221;Kommersiya<br \/>\nVideo \u00c7\u0259kili\u015fl\u0259r&#8221; link=&#8221;url:https%3A%2F%2Fbeylimedia.com%2Findex.php%2Fservice%2Fkommersiya%2F|title:Kommersiya%20Video%20%C3%87%C9%99kili%C5%9Fl%C9%99r&#8221;]Kommersal \u00e7\u0259kili\u015fl\u0259r \u015firk\u0259t v\u0259 ya qrumlar\u0131n xidm\u0259tl\u0259rini tan\u0131tmaq \u00fc\u00e7\u00fcn marketinqin \u0259sas \u00fcs\u00fcllar\u0131ndan biridir.[\/stm_icon_box][\/vc_column_inner][vc_column_inner width=&#8221;1\/3&#8243;][stm_icon_box hide_title_line=&#8221;hide_title_line&#8221; enable_hexagon=&#8221;enable&#8221; enable_hexagon_animation=&#8221;enable&#8221; add_link=&#8221;enable&#8221; icon=&#8221;fas fa-film&#8221; style=&#8221;icon_left&#8221; icon_size=&#8221;22&#8243; icon_width=&#8221;78&#8243; title=&#8221;Film \u00c7\u0259kili\u015fi&#8221; link=&#8221;url:https%3A%2F%2Fbeylimedia.com%2Findex.php%2Fservice%2Ffilim-cekilisi%2F|title:Film%20%C3%87%C9%99kili%C5%9Fi&#8221;]Median\u0131n h\u0259r bir sah\u0259si kimi film sektoru da olduqca maraql\u0131 v\u0259 daim diqq\u0259t m\u0259rk\u0259zind\u0259 olub.[\/stm_icon_box][\/vc_column_inner][\/vc_row_inner][vc_row_inner][vc_column_inner width=&#8221;1\/3&#8243;][stm_icon_box hide_title_line=&#8221;hide_title_line&#8221; enable_hexagon=&#8221;enable&#8221; enable_hexagon_animation=&#8221;enable&#8221; add_link=&#8221;enable&#8221; icon=&#8221;fas fa-tv&#8221; style=&#8221;icon_left&#8221; icon_size=&#8221;24&#8243; icon_width=&#8221;78&#8243; title=&#8221;TV Layih\u0259l\u0259r&#8221; link=&#8221;url:https%3A%2F%2Fbeylimedia.com%2Findex.php%2Fservice%2Ftv-layiheler%2F|title:TV%20Layih%C9%99l%C9%99r&#8221;]Beylimedia, televiziya proqram\u0131 konsepsiyalar\u0131n\u0131 istehsal edir\u0259k onu inki\u015faf etdirir[\/stm_icon_box][\/vc_column_inner][vc_column_inner width=&#8221;1\/3&#8243;][stm_icon_box hide_title_line=&#8221;hide_title_line&#8221; enable_hexagon=&#8221;enable&#8221; enable_hexagon_animation=&#8221;enable&#8221; add_link=&#8221;enable&#8221; icon=&#8221;stm-zurich-progress&#8221; style=&#8221;icon_left&#8221; icon_size=&#8221;28&#8243; icon_width=&#8221;78&#8243; title=&#8221;PR Layih\u0259l\u0259r&#8221; link=&#8221;url:https%3A%2F%2Fbeylimedia.com%2Findex.php%2Fservice%2Fprlayiheler%2F|title:PR%20Layih%C9%99l%C9%99r&#8221;]Biz t\u0259r\u0259fda\u015fl\u0131q etdiyimiz \u015firk\u0259t v\u0259 ya qrumlara PR d\u0259st\u0259k g\u00f6st\u0259r\u0259rk\u0259n onlar\u0131n daha \u00e7ox tan\u0131nmas\u0131n\u0131 h\u0259d\u0259fl\u0259yirik.[\/stm_icon_box][\/vc_column_inner][vc_column_inner width=&#8221;1\/3&#8243;][stm_icon_box hide_title_line=&#8221;hide_title_line&#8221; enable_hexagon=&#8221;enable&#8221; enable_hexagon_animation=&#8221;enable&#8221; add_link=&#8221;enable&#8221; icon=&#8221;stm-online-work&#8221; style=&#8221;icon_left&#8221; icon_size=&#8221;20&#8243; icon_width=&#8221;78&#8243; title=&#8221;R\u0259q\u0259msal Marketinq&#8221; link=&#8221;url:https%3A%2F%2Fbeylimedia.com%2Findex.php%2Fservice%2Freqemsal-marketing%2F|title:R%C9%99q%C9%99msal%20Marketinq&#8221;]Texnoloji inki\u015faf v\u0259 qloballa\u015fma n\u0259tic\u0259sind\u0259 \u0259n\u0259n\u0259vi marketinq \u00f6z yerini r\u0259q\u0259msala verm\u0259k \u00fczr\u0259dir.[\/stm_icon_box][\/vc_column_inner][\/vc_row_inner][\/vc_column][\/vc_row][vc_row full_width=&#8221;stretch_row&#8221; el_class=&#8221;overlay fixed_bg&#8221; css=&#8221;.vc_custom_1456226391066{margin-bottom: 53px !important;padding-top: 110px !important;padding-bottom: 81px !important;background-image: url(https:\/\/beylimedia.com\/wp-content\/uploads\/2023\/11\/content-2.jpg) !important;background-position: center !important;background-repeat: no-repeat !important;background-size: cover !important;}&#8221;][vc_column][vc_row_inner][vc_column_inner][vc_custom_heading icon=&#8221;stm-check&#8221; icon_size=&#8221;40&#8243; text=&#8221;<mark>Bizi se\u00e7m\u0259yiniz \u00fc\u00e7\u00fcn 5 s\u0259b\u0259b<\/mark>&#8221; font_container=&#8221;tag:h4|font_size:45px|text_align:left|color:%23ffffff|line_height:45px&#8221; google_fonts=&#8221;font_family:Poppins%3A300%2Cregular%2C500%2C600%2C700|font_style:700%20bold%3A700%3Anormal&#8221; custom_icon=&#8221;stm-check&#8221; css=&#8221;.vc_custom_1701779714125{margin-bottom: 61px !important;}&#8221; el_class=&#8221;no_stripe&#8221;][\/vc_column_inner][\/vc_row_inner][vc_row_inner][vc_column_inner width=&#8221;1\/6&#8243; offset=&#8221;vc_col-lg-offset-1&#8243;][stm_stats_counter counter_value=&#8221;1&#8243; title=&#8221;Partnyorlara f\u0259rdi yana\u015fma&#8221;][\/vc_column_inner][vc_column_inner width=&#8221;1\/6&#8243;][stm_stats_counter counter_value=&#8221;2&#8243; title=&#8221;Yarad\u0131c\u0131 v\u0259 yeni h\u0259ll yollar\u0131 t\u0259klif etm\u0259k&#8221;][\/vc_column_inner][vc_column_inner width=&#8221;1\/6&#8243;][stm_stats_counter counter_value=&#8221;3&#8243; title=&#8221;Operativ f\u0259aliyy\u0259t&#8221;][\/vc_column_inner][vc_column_inner width=&#8221;1\/6&#8243;][stm_stats_counter counter_value=&#8221;4&#8243; title=&#8221;Qlobal trendl\u0259r\u0259 uy\u011fun proyektl\u0259r yaratmaq&#8221;][\/vc_column_inner][\/vc_row_inner][\/vc_column][\/vc_row][vc_row css=&#8221;.vc_custom_1450960276268{margin-bottom: 73px !important;}&#8221;][vc_column][vc_custom_heading text=&#8221;T\u0259r\u0259fda\u015flar\u0131m\u0131z&#8221; font_container=&#8221;tag:h2|font_size:45px|text_align:center|line_height:60px&#8221; use_theme_fonts=&#8221;yes&#8221; el_class=&#8221;base_font_color&#8221; css=&#8221;.vc_custom_1704801357461{margin-bottom: 76px !important;}&#8221;][stm_image_carousel grayscale=&#8221;yes&#8221; img_size=&#8221;180&#215;96&#8243; autoplay=&#8221;yes&#8221; loop=&#8221;yes&#8221; dots=&#8221;true&#8221; images=&#8221;7388,7387,7385,7393,7391,7390,7395,7396,7394,7329,7389,7392,7379,7386,7401,7400,7397,7402,7413,7424,7406,7407,7409,7340,7347,7350,7356,7357,7359,7365,7366,7370,7373,7374,7375,7380,7381,7382,7383,7384,7398,7399,7403,7404,7405,7408,7410,7411,7412,7414,7415,7416,7417,7418,7419,7420,7421,7422,7423,7425,7426,7428,7429,7430,7431,7432,7433,7434,7435,7436,7437,7438,7439,7440,7441,7442,7443,7444,7446,7447,7448,7449&#8243; el_class=&#8221;no_paddings&#8221; link=&#8221;url:%2Fcompany-overview%2Four-partners%2F||&#8221;][\/vc_column][\/vc_row][vc_row full_width=&#8221;stretch_row&#8221; el_class=&#8221;overlay_2 fixed_bg&#8221; css=&#8221;.vc_custom_1453381142995{margin-bottom: 42px !important;padding-top: 66px !important;padding-bottom: 66px !important;background-image: url(https:\/\/beylimedia.com\/wp-content\/uploads\/2023\/11\/content-5.jpg) !important;background-position: center !important;background-repeat: no-repeat !important;background-size: cover !important;}&#8221;][vc_column][vc_custom_heading text=&#8221;Pe\u015f\u0259kar, bacar\u0131ql\u0131,<br \/>\n<mark> t\u0259cr\u00fcb\u0259li komanda<\/mark>&#8221; font_container=&#8221;tag:h4|font_size:28px|text_align:center|color:%23ffffff|line_height:34px&#8221; google_fonts=&#8221;font_family:Poppins%3A300%2Cregular%2C500%2C600%2C700|font_style:700%20bold%3A700%3Anormal&#8221;][\/vc_column][\/vc_row][vc_row css=&#8221;.vc_custom_1451479401686{margin-bottom: 31px !important;}&#8221;][vc_column][vc_custom_heading text=&#8221;Bloq&#8221; font_container=&#8221;tag:h2|font_size:45px|text_align:center&#8221; use_theme_fonts=&#8221;yes&#8221;][\/vc_column][\/vc_row][vc_row css=&#8221;.vc_custom_1451043728133{margin-bottom: 32px !important;}&#8221;][vc_column][stm_news posts_per_row=&#8221;4&#8243;][\/vc_column][\/vc_row][vc_row full_width=&#8221;stretch_row&#8221; css=&#8221;.vc_custom_1451300723020{margin-bottom: 0px !important;padding-top: 96px !important;padding-bottom: 80px !important;background-color: #222222 !important;}&#8221;][vc_column width=&#8221;1\/3&#8243;][vc_custom_heading text=&#8221;Biziml\u0259 \u0259laq\u0259 saxlay\u0131n&#8221; font_container=&#8221;tag:div|font_size:36px|text_align:left|color:%23ffffff|line_height:38px&#8221; google_fonts=&#8221;font_family:Poppins%3A300%2Cregular%2C500%2C600%2C700|font_style:700%20bold%3A700%3Anormal&#8221; css=&#8221;.vc_custom_1701781380423{margin-bottom: 19px !important;}&#8221;][\/vc_column][vc_column width=&#8221;2\/3&#8243;]\n<div class=\"wpcf7 no-js\" id=\"wpcf7-f508-o1\" lang=\"en-US\" dir=\"ltr\" data-wpcf7-id=\"508\">\n<div class=\"screen-reader-response\"><p role=\"status\" aria-live=\"polite\" aria-atomic=\"true\"><\/p> <ul><\/ul><\/div>\n<form action=\"\/index.php\/wp-json\/wp\/v2\/pages\/1024#wpcf7-f508-o1\" method=\"post\" class=\"wpcf7-form init\" aria-label=\"Contact form\" novalidate=\"novalidate\" data-status=\"init\">\n<div style=\"display: none;\">\n<input type=\"hidden\" name=\"_wpcf7\" value=\"508\" \/>\n<input type=\"hidden\" name=\"_wpcf7_version\" value=\"6.0.6\" \/>\n<input type=\"hidden\" name=\"_wpcf7_locale\" value=\"en_US\" \/>\n<input type=\"hidden\" name=\"_wpcf7_unit_tag\" value=\"wpcf7-f508-o1\" \/>\n<input type=\"hidden\" name=\"_wpcf7_container_post\" value=\"0\" \/>\n<input type=\"hidden\" name=\"_wpcf7_posted_data_hash\" value=\"\" \/>\n<\/div>\n<div class=\"request_callback\">\n    <div class=\"row\">\n        <div class=\"col-lg-6 col-md-6 col-sm-6 col-xs-12\">\n            <div class=\"input-group\">\n                <span class=\"wpcf7-form-control-wrap\" data-name=\"text-name\"><input size=\"40\" maxlength=\"400\" class=\"wpcf7-form-control wpcf7-text wpcf7-validates-as-required\" aria-required=\"true\" aria-invalid=\"false\" placeholder=\"Ad *\" value=\"\" type=\"text\" name=\"text-name\" \/><\/span>\n            <\/div>\n            <div class=\"input-group\">\n                <span class=\"wpcf7-form-control-wrap\" data-name=\"email\"><input size=\"40\" maxlength=\"400\" class=\"wpcf7-form-control wpcf7-email wpcf7-validates-as-required wpcf7-text wpcf7-validates-as-email\" aria-required=\"true\" aria-invalid=\"false\" placeholder=\"E-po\u00e7t *\" value=\"\" type=\"email\" name=\"email\" \/><\/span>\n            <\/div>\n            <div class=\"input-group\">\n                <span class=\"wpcf7-form-control-wrap\" data-name=\"phone\"><input size=\"40\" maxlength=\"400\" class=\"wpcf7-form-control wpcf7-tel wpcf7-validates-as-required wpcf7-text wpcf7-validates-as-tel\" aria-required=\"true\" aria-invalid=\"false\" placeholder=\"Telefon *\" value=\"\" type=\"tel\" name=\"phone\" \/><\/span>\n            <\/div>\n        <\/div>\n        <div class=\"col-lg-6 col-md-6 col-sm-6 col-xs-12\">\n            <div class=\"input-group\">\n                <span class=\"wpcf7-form-control-wrap\" data-name=\"message\"><textarea cols=\"40\" rows=\"10\" maxlength=\"2000\" class=\"wpcf7-form-control wpcf7-textarea wpcf7-validates-as-required\" aria-required=\"true\" aria-invalid=\"false\" placeholder=\"Mesaj *\" name=\"message\"><\/textarea><\/span>\n            <\/div>\n            <div class=\"input-group\">\n                <button type=\"submit\" class=\"button size-lg icon_right\">G\u00f6nd\u0259r <i class=\"fa fa-chevron-right\"><\/i><\/button>\n            <\/div>\n        <\/div>\n    <\/div>\n<\/div><p style=\"display: none !important;\" class=\"akismet-fields-container\" data-prefix=\"_wpcf7_ak_\"><label>&#916;<textarea name=\"_wpcf7_ak_hp_textarea\" cols=\"45\" rows=\"8\" maxlength=\"100\"><\/textarea><\/label><input type=\"hidden\" id=\"ak_js_1\" name=\"_wpcf7_ak_js\" value=\"212\"\/><script>document.getElementById( \"ak_js_1\" ).setAttribute( \"value\", ( new Date() ).getTime() );<\/script><\/p><div class=\"wpcf7-response-output\" aria-hidden=\"true\"><\/div>\n<\/form>\n<\/div>\n[\/vc_column][\/vc_row][vc_row full_width=&#8221;stretch_row_content_no_spaces&#8221; css=&#8221;.vc_custom_1453109987955{margin-bottom: -60px !important;padding-top: 0px !important;padding-bottom: 0px !important;}&#8221;][vc_column][stm_gmap map_height=&#8221;447px&#8221; map_zoom=&#8221;11&#8243; disable_mouse_whell=&#8221;disable&#8221;][stm_gmap_address title=&#8221;Azerbaycan&#8221; address=&#8221;Caspian Plaza,<br \/>\nC.Cabbarl\u0131 str. 44&#8243; phone=&#8221;+994 77 233 55 76&#8243; email=&#8221;info@beylimedia.com&#8221; lat=&#8221;51.507351&#8243; lng=&#8221;-0.127758&#8243;][stm_gmap_address title=&#8221;T\u00fcrkiy\u0259&#8221; address=&#8221;\u0130stanbul: 29 Ekim,<br \/>\n\u0130stanbul Vizyon Park&#8221; phone=&#8221;+90 507 268 05 65&#8243; email=&#8221;info@beylimedia.com&#8221; lat=&#8221;52.520007&#8243; lng=&#8221;13.404954&#8243;][stm_gmap_address title=&#8221;Moskva&#8221; address=&#8221;\u041a\u0443\u0442\u0443\u0437\u043e\u0432\u0441\u043a\u0438\u0439 \u043f\u0440\u043e\u0441\u043f.,<br \/>\n16, \u041c\u043e\u0441\u043a\u0432\u0430&#8221; phone=&#8221;+7 926 376 66 46&#8243; email=&#8221;info@beylimedia.com&#8221; lat=&#8221;40.416775&#8243; lng=&#8221;-3.703790&#8243;][\/stm_gmap][\/vc_column][\/vc_row]<\/p>\n<\/div>","protected":false},"excerpt":{"rendered":"<p>[vc_row css=&#8221;.vc_custom_1450677977665{margin-bottom: 0px !important;}&#8221;][vc_column][rev_slider_vc alias=&#8221;fullscreen-main-slider&#8221;][\/vc_column][\/vc_row][vc_row full_width=&#8221;stretch_row&#8221; el_class=&#8221;third_bg_color&#8221; css=&#8221;.vc_custom_1704795354546{margin-bottom: 60px !important;}&#8221;][vc_column][vc_cta h2=&#8221;Siz\u0259 R\u0259q\u0259msal Marketinq xidm\u0259ti t\u0259klif edirik.&#8221; txt_align=&#8221;center&#8221; shape=&#8221;square&#8221; style=&#8221;3d&#8221; color=&#8221;sky&#8221; add_icon=&#8221;right&#8221; i_icon_fontawesome=&#8221;stm-phone_13&#8243; i_color=&#8221;peacoc&#8221; i_background_style=&#8221;rounded-less-outline&#8221; i_background_color=&#8221;black&#8221; i_on_border=&#8221;true&#8221; el_class=&#8221;third_bg_color&#8221; i_link=&#8221;url:https%3A%2F%2Fbeylimedia.com%2Findex.php%2Felaqe%2F|title:%C6%8Flaq%C9%99&#8243;][\/vc_cta][\/vc_column][\/vc_row][vc_row css=&#8221;.vc_custom_1450856873482{margin-bottom: 37px !important;}&#8221;][vc_column width=&#8221;1\/3&#8243;][stm_animation_block animation=&#8221;fadeInUp&#8221; animation_duration=&#8221;1&#8243; animation_delay=&#8221;0&#8243;][stm_info_box style=&#8221;style_3&#8243; title_icon=&#8221;stm-chart-monitor&#8221; title=&#8221;Biz kimik&#8221; image=&#8221;7277&#8243; link=&#8221;url:%23|title:%C6%8Ftrafl%C4%B1&#8243;]Yay\u0131m, PR v\u0259 Media \u0130stehsalat Agentliyi olan Beylimedia \u015firk\u0259ti 2015-ci ild\u0259 Moskvada f\u0259aliyy\u0259t\u0259 ba\u015flay\u0131b.[\/stm_info_box][\/stm_animation_block][\/vc_column][vc_column width=&#8221;1\/3&#8243;][stm_animation_block<\/p>\n","protected":false},"author":1,"featured_media":0,"parent":0,"menu_order":0,"comment_status":"closed","ping_status":"closed","template":"","meta":{"footnotes":""},"class_list":["post-1024","page","type-page","status-publish","hentry"],"aioseo_notices":[],"_links":{"self":[{"href":"https:\/\/beylimedia.com\/index.php\/wp-json\/wp\/v2\/pages\/1024","targetHints":{"allow":["GET"]}}],"collection":[{"href":"https:\/\/beylimedia.com\/index.php\/wp-json\/wp\/v2\/pages"}],"about":[{"href":"https:\/\/beylimedia.com\/index.php\/wp-json\/wp\/v2\/types\/page"}],"author":[{"embeddable":true,"href":"https:\/\/beylimedia.com\/index.php\/wp-json\/wp\/v2\/users\/1"}],"replies":[{"embeddable":true,"href":"https:\/\/beylimedia.com\/index.php\/wp-json\/wp\/v2\/comments?post=1024"}],"version-history":[{"count":75,"href":"https:\/\/beylimedia.com\/index.php\/wp-json\/wp\/v2\/pages\/1024\/revisions"}],"predecessor-version":[{"id":7462,"href":"https:\/\/beylimedia.com\/index.php\/wp-json\/wp\/v2\/pages\/1024\/revisions\/7462"}],"wp:attachment":[{"href":"https:\/\/beylimedia.com\/index.php\/wp-json\/wp\/v2\/media?parent=1024"}],"curies":[{"name":"wp","href":"https:\/\/api.w.org\/{rel}","templated":true}]}}